Dec 02 02:58:42.880 INFO testing Techcable/spanish-website against master#8940af3cea4a9a9deabcaf843b2f8cad9a83fc61 for beta-1.31-5
Dec 02 02:58:42.880 INFO running `"docker" "create" "-v" "/mnt/big/crater/work/local/target-dirs/beta-1.31-5/worker-2/master#8940af3cea4a9a9deabcaf843b2f8cad9a83fc61:/target:rw,Z" "-v" "/mnt/big/crater/work/local/test-source/worker-2/beta-1.31-5/master#8940af3cea4a9a9deabcaf843b2f8cad9a83fc61:/source:ro,Z" "-v" "/mnt/big/crater/work/local/cargo-home:/cargo-home:ro,Z" "-v" "/mnt/big/crater/work/local/rustup-home:/rustup-home:ro,Z" "-e" "USER_ID=1000" "-e" "SOURCE_DIR=/source" "-e" "USER_ID=1000" "-e" "CMD=cargo +8940af3cea4a9a9deabcaf843b2f8cad9a83fc61-alt build --frozen" "-e" "CARGO_TARGET_DIR=/target" "-e" "CARGO_INCREMENTAL=0" "-e" "RUST_BACKTRACE=full" "-e" "RUSTFLAGS=--cap-lints=warn" "-e" "CARGO_HOME=/cargo-home" "-e" "RUSTUP_HOME=/rustup-home" "-m" "1536M" "--network" "none" "crater"`
Dec 02 02:58:43.195 INFO [stdout] 8104604d3a098ec070a665da545fc63d7179e75f1f035a156af2fd1092178edb
Dec 02 02:58:43.199 INFO running `"docker" "start" "-a" "8104604d3a098ec070a665da545fc63d7179e75f1f035a156af2fd1092178edb"`
Dec 02 02:58:44.570 INFO [stderr] usermod: no changes
Dec 02 02:58:44.838 INFO [stderr]    Compiling pear_codegen v0.0.20
Dec 02 02:58:44.840 INFO [stderr]    Compiling rocket v0.3.16
Dec 02 02:58:44.855 INFO [stderr]    Compiling rocket_codegen v0.3.16
Dec 02 02:58:44.860 INFO [stderr]    Compiling parking_lot_core v0.2.14
Dec 02 02:58:44.860 INFO [stderr]    Compiling ring v0.11.0
Dec 02 02:58:45.359 INFO [stderr] error: failed to run custom build command for `rocket v0.3.16`
Dec 02 02:58:45.359 INFO [stderr] process didn't exit successfully: `/target/debug/build/rocket-e8632d5f710e389a/build-script-build` (exit code: 101)
Dec 02 02:58:45.359 INFO [stderr] --- stderr
Dec 02 02:58:45.359 INFO [stderr] [1;31mError:[0m [37mRocket requires a nightly or dev version of Rust.[0m
Dec 02 02:58:45.359 INFO [stderr] [37mInstalled version is:[0m [33m1.31.0-beta.20 (2018-11-30)[0m. [37mMinimum required:[0m [33m1.27.0-nightly (2018-04-26)[0m.
Dec 02 02:58:45.359 INFO [stderr] [34mSee the getting started guide ([0m[37mhttps://rocket.rs/guide/getting-started/[0m[34m) for more information.[0m
Dec 02 02:58:45.359 INFO [stderr] thread 'main' panicked at 'Aborting compilation due to incompatible compiler.', /cargo-home/registry/src/github.com-1ecc6299db9ec823/rocket-0.3.16/build.rs:38:13
Dec 02 02:58:45.359 INFO [stderr] stack backtrace:
Dec 02 02:58:45.359 INFO [stderr]    0:     0x561f27b5633f - std::sys::unix::backtrace::tracing::imp::unwind_backtrace::h3a8b83e1922cbdde
Dec 02 02:58:45.359 INFO [stderr]                                at libstd/sys/unix/backtrace/tracing/gcc_s.rs:49
Dec 02 02:58:45.359 INFO [stderr]    1:     0x561f27b61d17 - std::sys_common::backtrace::print::h00d3155a29b4020f
Dec 02 02:58:45.359 INFO [stderr]                                at libstd/sys_common/backtrace.rs:71
Dec 02 02:58:45.359 INFO [stderr]                                at libstd/sys_common/backtrace.rs:59
Dec 02 02:58:45.359 INFO [stderr]    2:     0x561f27b5abdf - std::panicking::default_hook::{{closure}}::hd7465c742e79e1bb
Dec 02 02:58:45.359 INFO [stderr]                                at libstd/panicking.rs:211
Dec 02 02:58:45.359 INFO [stderr]    3:     0x561f27b5a944 - std::panicking::default_hook::h9e3966f2aa2a6e12
Dec 02 02:58:45.359 INFO [stderr]                                at libstd/panicking.rs:227
Dec 02 02:58:45.359 INFO [stderr]    4:     0x561f27b5b20e - std::panicking::rust_panic_with_hook::h587f091ae747d080
Dec 02 02:58:45.359 INFO [stderr]                                at libstd/panicking.rs:476
Dec 02 02:58:45.359 INFO [stderr]    5:     0x561f27b2dac3 - std::panicking::begin_panic::h185025b8b4804e9b
Dec 02 02:58:45.359 INFO [stderr]                                at libstd/panicking.rs:410
Dec 02 02:58:45.359 INFO [stderr]    6:     0x561f27b2bb85 - build_script_build::main::h4284e4a3a8df7e1b
Dec 02 02:58:45.359 INFO [stderr]                                at /cargo-home/registry/src/github.com-1ecc6299db9ec823/rocket-0.3.16/build.rs:38
Dec 02 02:58:45.359 INFO [stderr]    7:     0x561f27b2e3af - std::rt::lang_start::{{closure}}::ha0df32a52ba7057e
Dec 02 02:58:45.359 INFO [stderr]                                at libstd/rt.rs:74
Dec 02 02:58:45.359 INFO [stderr]    8:     0x561f27b5ac82 - std::panicking::try::do_call::h52e7f80ff0fdcc45
Dec 02 02:58:45.359 INFO [stderr]                                at libstd/rt.rs:59
Dec 02 02:58:45.359 INFO [stderr]                                at libstd/panicking.rs:310
Dec 02 02:58:45.359 INFO [stderr]    9:     0x561f27b6ccc9 - __rust_maybe_catch_panic
Dec 02 02:58:45.359 INFO [stderr]                                at libpanic_unwind/lib.rs:102
Dec 02 02:58:45.359 INFO [stderr]   10:     0x561f27b4a99a - std::rt::lang_start_internal::h38cae898de7f805c
Dec 02 02:58:45.359 INFO [stderr]                                at libstd/panicking.rs:289
Dec 02 02:58:45.359 INFO [stderr]                                at libstd/panic.rs:392
Dec 02 02:58:45.359 INFO [stderr]                                at libstd/rt.rs:58
Dec 02 02:58:45.359 INFO [stderr]   11:     0x561f27b2e388 - std::rt::lang_start::h3f68170055a70037
Dec 02 02:58:45.359 INFO [stderr]                                at libstd/rt.rs:74
Dec 02 02:58:45.359 INFO [stderr]   12:     0x561f27b2ca59 - main
Dec 02 02:58:45.359 INFO [stderr]   13:     0x7fa2b145b82f - __libc_start_main
Dec 02 02:58:45.359 INFO [stderr]   14:     0x561f27b2b228 - _start
Dec 02 02:58:45.359 INFO [stderr]   15:                0x0 - <unknown>
Dec 02 02:58:45.359 INFO [stderr] 
Dec 02 02:58:45.359 INFO [stderr] warning: build failed, waiting for other jobs to finish...
Dec 02 02:58:45.531 INFO [stderr] error: failed to run custom build command for `rocket_codegen v0.3.16`
Dec 02 02:58:45.531 INFO [stderr] process didn't exit successfully: `/target/debug/build/rocket_codegen-4a5b65214453c03c/build-script-build` (exit code: 101)
Dec 02 02:58:45.531 INFO [stderr] --- stderr
Dec 02 02:58:45.531 INFO [stderr] [1;31mError:[0m [37mRocket requires a nightly or dev version of Rust.[0m
Dec 02 02:58:45.531 INFO [stderr] [37mInstalled version is:[0m [33m1.31.0-beta.20 (2018-11-30)[0m. [37mMinimum required:[0m [33m1.30.0-nightly (2018-08-23)[0m.
Dec 02 02:58:45.531 INFO [stderr] [34mSee the getting started guide ([0m[37mhttps://rocket.rs/guide/getting-started/[0m[34m) for more information.[0m
Dec 02 02:58:45.531 INFO [stderr] thread 'main' panicked at 'Aborting compilation due to incompatible compiler.', /cargo-home/registry/src/github.com-1ecc6299db9ec823/rocket_codegen-0.3.16/build.rs:38:17
Dec 02 02:58:45.531 INFO [stderr] stack backtrace:
Dec 02 02:58:45.531 INFO [stderr]    0:     0x55aa82f2932f - std::sys::unix::backtrace::tracing::imp::unwind_backtrace::h3a8b83e1922cbdde
Dec 02 02:58:45.531 INFO [stderr]                                at libstd/sys/unix/backtrace/tracing/gcc_s.rs:49
Dec 02 02:58:45.531 INFO [stderr]    1:     0x55aa82f34d07 - std::sys_common::backtrace::print::h00d3155a29b4020f
Dec 02 02:58:45.531 INFO [stderr]                                at libstd/sys_common/backtrace.rs:71
Dec 02 02:58:45.531 INFO [stderr]                                at libstd/sys_common/backtrace.rs:59
Dec 02 02:58:45.531 INFO [stderr]    2:     0x55aa82f2dbcf - std::panicking::default_hook::{{closure}}::hd7465c742e79e1bb
Dec 02 02:58:45.531 INFO [stderr]                                at libstd/panicking.rs:211
Dec 02 02:58:45.531 INFO [stderr]    3:     0x55aa82f2d934 - std::panicking::default_hook::h9e3966f2aa2a6e12
Dec 02 02:58:45.531 INFO [stderr]                                at libstd/panicking.rs:227
Dec 02 02:58:45.531 INFO [stderr]    4:     0x55aa82f2e1fe - std::panicking::rust_panic_with_hook::h587f091ae747d080
Dec 02 02:58:45.531 INFO [stderr]                                at libstd/panicking.rs:476
Dec 02 02:58:45.531 INFO [stderr]    5:     0x55aa82f00ab3 - std::panicking::begin_panic::h637cf6c246413594
Dec 02 02:58:45.531 INFO [stderr]                                at libstd/panicking.rs:410
Dec 02 02:58:45.531 INFO [stderr]    6:     0x55aa82efeb84 - build_script_build::main::h2c72fd58a9234470
Dec 02 02:58:45.531 INFO [stderr]                                at /cargo-home/registry/src/github.com-1ecc6299db9ec823/rocket_codegen-0.3.16/build.rs:38
Dec 02 02:58:45.531 INFO [stderr]    7:     0x55aa82f0139f - std::rt::lang_start::{{closure}}::hfe557982ab535bc0
Dec 02 02:58:45.531 INFO [stderr]                                at libstd/rt.rs:74
Dec 02 02:58:45.531 INFO [stderr]    8:     0x55aa82f2dc72 - std::panicking::try::do_call::h52e7f80ff0fdcc45
Dec 02 02:58:45.531 INFO [stderr]                                at libstd/rt.rs:59
Dec 02 02:58:45.531 INFO [stderr]                                at libstd/panicking.rs:310
Dec 02 02:58:45.531 INFO [stderr]    9:     0x55aa82f3fcb9 - __rust_maybe_catch_panic
Dec 02 02:58:45.531 INFO [stderr]                                at libpanic_unwind/lib.rs:102
Dec 02 02:58:45.531 INFO [stderr]   10:     0x55aa82f1d98a - std::rt::lang_start_internal::h38cae898de7f805c
Dec 02 02:58:45.531 INFO [stderr]                                at libstd/panicking.rs:289
Dec 02 02:58:45.531 INFO [stderr]                                at libstd/panic.rs:392
Dec 02 02:58:45.531 INFO [stderr]                                at libstd/rt.rs:58
Dec 02 02:58:45.531 INFO [stderr]   11:     0x55aa82f01378 - std::rt::lang_start::h04f69d23836a7815
Dec 02 02:58:45.531 INFO [stderr]                                at libstd/rt.rs:74
Dec 02 02:58:45.531 INFO [stderr]   12:     0x55aa82effa49 - main
Dec 02 02:58:45.531 INFO [stderr]   13:     0x7fcf0bb3a82f - __libc_start_main
Dec 02 02:58:45.531 INFO [stderr]   14:     0x55aa82efe228 - _start
Dec 02 02:58:45.531 INFO [stderr]   15:                0x0 - <unknown>
Dec 02 02:58:45.531 INFO [stderr] 
Dec 02 02:58:45.531 INFO [stderr] warning: build failed, waiting for other jobs to finish...
Dec 02 02:58:45.603 INFO [stderr] error: failed to run custom build command for `pear_codegen v0.0.20`
Dec 02 02:58:45.603 INFO [stderr] process didn't exit successfully: `/target/debug/build/pear_codegen-9ebbb5de437ff65a/build-script-build` (exit code: 101)
Dec 02 02:58:45.603 INFO [stderr] --- stderr
Dec 02 02:58:45.603 INFO [stderr] [1;31mError:[0m [37mPear requires a nightly or dev version of Rust.[0m
Dec 02 02:58:45.603 INFO [stderr] [37mInstalled version is:[0m [33m1.31.0-beta.20 (2018-11-30)[0m. [37mMinimum required:[0m [33m1.30.0-nightly (2018-08-23)[0m.
Dec 02 02:58:45.603 INFO [stderr] thread 'main' panicked at 'Aborting compilation due to incompatible compiler.', /cargo-home/registry/src/github.com-1ecc6299db9ec823/pear_codegen-0.0.20/build.rs:31:13
Dec 02 02:58:45.603 INFO [stderr] stack backtrace:
Dec 02 02:58:45.603 INFO [stderr]    0:     0x55d2c2b5b0ff - std::sys::unix::backtrace::tracing::imp::unwind_backtrace::h3a8b83e1922cbdde
Dec 02 02:58:45.603 INFO [stderr]                                at libstd/sys/unix/backtrace/tracing/gcc_s.rs:49
Dec 02 02:58:45.603 INFO [stderr]    1:     0x55d2c2b66ad7 - std::sys_common::backtrace::print::h00d3155a29b4020f
Dec 02 02:58:45.603 INFO [stderr]                                at libstd/sys_common/backtrace.rs:71
Dec 02 02:58:45.603 INFO [stderr]                                at libstd/sys_common/backtrace.rs:59
Dec 02 02:58:45.603 INFO [stderr]    2:     0x55d2c2b5f99f - std::panicking::default_hook::{{closure}}::hd7465c742e79e1bb
Dec 02 02:58:45.603 INFO [stderr]                                at libstd/panicking.rs:211
Dec 02 02:58:45.603 INFO [stderr]    3:     0x55d2c2b5f704 - std::panicking::default_hook::h9e3966f2aa2a6e12
Dec 02 02:58:45.603 INFO [stderr]                                at libstd/panicking.rs:227
Dec 02 02:58:45.603 INFO [stderr]    4:     0x55d2c2b5ffce - std::panicking::rust_panic_with_hook::h587f091ae747d080
Dec 02 02:58:45.603 INFO [stderr]                                at libstd/panicking.rs:476
Dec 02 02:58:45.603 INFO [stderr]    5:     0x55d2c2b32883 - std::panicking::begin_panic::h03cdb516ffc5f784
Dec 02 02:58:45.603 INFO [stderr]                                at libstd/panicking.rs:410
Dec 02 02:58:45.603 INFO [stderr]    6:     0x55d2c2b30948 - build_script_build::main::h36944a4e267b7477
Dec 02 02:58:45.603 INFO [stderr]                                at /cargo-home/registry/src/github.com-1ecc6299db9ec823/pear_codegen-0.0.20/build.rs:31
Dec 02 02:58:45.603 INFO [stderr]    7:     0x55d2c2b3316f - std::rt::lang_start::{{closure}}::h5e49a6fd7616e446
Dec 02 02:58:45.603 INFO [stderr]                                at libstd/rt.rs:74
Dec 02 02:58:45.603 INFO [stderr]    8:     0x55d2c2b5fa42 - std::panicking::try::do_call::h52e7f80ff0fdcc45
Dec 02 02:58:45.603 INFO [stderr]                                at libstd/rt.rs:59
Dec 02 02:58:45.603 INFO [stderr]                                at libstd/panicking.rs:310
Dec 02 02:58:45.603 INFO [stderr]    9:     0x55d2c2b71a89 - __rust_maybe_catch_panic
Dec 02 02:58:45.603 INFO [stderr]                                at libpanic_unwind/lib.rs:102
Dec 02 02:58:45.603 INFO [stderr]   10:     0x55d2c2b4f75a - std::rt::lang_start_internal::h38cae898de7f805c
Dec 02 02:58:45.603 INFO [stderr]                                at libstd/panicking.rs:289
Dec 02 02:58:45.603 INFO [stderr]                                at libstd/panic.rs:392
Dec 02 02:58:45.603 INFO [stderr]                                at libstd/rt.rs:58
Dec 02 02:58:45.603 INFO [stderr]   11:     0x55d2c2b33148 - std::rt::lang_start::hf3588cfe9ea8870a
Dec 02 02:58:45.603 INFO [stderr]                                at libstd/rt.rs:74
Dec 02 02:58:45.603 INFO [stderr]   12:     0x55d2c2b31819 - main
Dec 02 02:58:45.603 INFO [stderr]   13:     0x7f3dcd30c82f - __libc_start_main
Dec 02 02:58:45.603 INFO [stderr]   14:     0x55d2c2b30228 - _start
Dec 02 02:58:45.603 INFO [stderr]   15:                0x0 - <unknown>
Dec 02 02:58:45.603 INFO [stderr] 
Dec 02 02:58:45.603 INFO [stderr] warning: build failed, waiting for other jobs to finish...
Dec 02 02:58:47.255 INFO [stderr] error[E0554]: #![feature] may not be used on the beta release channel
Dec 02 02:58:47.255 INFO [stderr]   --> /cargo-home/registry/src/github.com-1ecc6299db9ec823/parking_lot_core-0.2.14/src/lib.rs:41:60
Dec 02 02:58:47.255 INFO [stderr]    |
Dec 02 02:58:47.255 INFO [stderr] 41 | #![cfg_attr(all(feature = "nightly", target_os = "linux"), feature(integer_atomics))]
Dec 02 02:58:47.255 INFO [stderr]    |                                                            ^^^^^^^^^^^^^^^^^^^^^^^^
Dec 02 02:58:47.255 INFO [stderr] 
Dec 02 02:58:47.255 INFO [stderr] error: aborting due to previous error
Dec 02 02:58:47.255 INFO [stderr] 
Dec 02 02:58:47.255 INFO [stderr] For more information about this error, try `rustc --explain E0554`.
Dec 02 02:58:47.275 INFO [stderr] error: Could not compile `parking_lot_core`.
Dec 02 02:58:47.275 INFO [stderr] 
Dec 02 02:58:47.275 INFO [stderr] To learn more, run the command again with --verbose.
Dec 02 02:58:47.275 INFO [stderr] su: No module specific data is present
Dec 02 02:58:47.965 INFO running `"docker" "inspect" "8104604d3a098ec070a665da545fc63d7179e75f1f035a156af2fd1092178edb"`
Dec 02 02:58:48.253 INFO running `"docker" "rm" "-f" "8104604d3a098ec070a665da545fc63d7179e75f1f035a156af2fd1092178edb"`
Dec 02 02:58:48.575 INFO [stdout] 8104604d3a098ec070a665da545fc63d7179e75f1f035a156af2fd1092178edb
